{"id":135,"date":"2025-05-06T19:41:32","date_gmt":"2025-05-06T19:41:32","guid":{"rendered":"https:\/\/aticos.cl\/?page_id=135"},"modified":"2025-05-07T20:24:49","modified_gmt":"2025-05-07T20:24:49","slug":"historia","status":"publish","type":"page","link":"https:\/\/aticos.cl\/index.php\/historia\/","title":{"rendered":"NUESTRA HISTORIA"},"content":{"rendered":"\n<div class=\"wp-block-uagb-advanced-heading uagb-block-0e453242\"><h2 class=\"uagb-heading-text\">Nuestra historia<\/h2><\/div>\n\n\n\n<div class=\"wp-block-uagb-container uagb-block-4e9ac3f1 alignfull uagb-is-root-container\"><div class=\"uagb-container__shape uagb-container__shape-top\"><svg xmlns=\"https:\/\/www.w3.org\/2000\/svg\" viewBox=\"0 0 1000 100\" preserveAspectRatio=\"none\"><path class=\"uagb-container__shape-fill\" d=\"M761.9,44.1L643.1,27.2L333.8,98L0,3.8V0l1000,0v3.9\"><\/path><\/svg><\/div><div class=\"uagb-container-inner-blocks-wrap\">\n<div class=\"wp-block-uagb-container uagb-block-7cdcd1fd\">\n<div class=\"wp-block-uagb-image uagb-block-352597ec wp-block-uagb-image--layout-default wp-block-uagb-image--effect-static wp-block-uagb-image--align-none\"><figure class=\"wp-block-uagb-image__figure\"><img decoding=\"async\" srcset=\"https:\/\/aticos.cl\/wp-content\/uploads\/2025\/05\/comienzos.png ,https:\/\/aticos.cl\/wp-content\/uploads\/2025\/05\/comienzos.png 780w, https:\/\/aticos.cl\/wp-content\/uploads\/2025\/05\/comienzos.png 360w\" sizes=\"auto, (max-width: 480px) 150px\" src=\"https:\/\/aticos.cl\/wp-content\/uploads\/2025\/05\/comienzos.png\" alt=\"\" class=\"uag-image-140\" width=\"652\" height=\"315\" title=\"comienzos\" loading=\"lazy\" role=\"img\"\/><\/figure><\/div>\n<\/div>\n\n\n\n<div class=\"wp-block-uagb-container uagb-block-2d1b0162\">\n<p class=\"has-medium-font-size\"><strong>Aticos VALLioSos<\/strong> o <strong>Atikito<\/strong>, tiene sus inicios a mediados del a\u00f1o 2019. Basados en las necesidades de espacio de las familias que habitan casas en un creciente mercado inmobiliario, aparecieron empresas que pudieron entregar una soluci\u00f3n, aprovechando el entretecho como bodega de cajas debidamente identificadas con su contenido.<\/p>\n<\/div>\n<\/div><\/div>\n\n\n\n<div class=\"wp-block-uagb-container uagb-block-be2e7df5 alignfull uagb-is-root-container\"><div class=\"uagb-container-inner-blocks-wrap\">\n<div class=\"wp-block-uagb-container uagb-block-8b5c024b\">\n<p class=\"has-medium-font-size\">Atikito, despu\u00e9s de trabajar en el rubro, da inicio a su propia empresa con el objetivo de entregar un mejor servicio y una atenci\u00f3n m\u00e1s cercana al cliente. La idea es no s\u00f3lo construir un \u00e1tico, sino dar al cliente una nueva mirada a un espacio que no estaba utilizando. Satisfacer la urgencia de los clientes por contar con mayor espacio, orden, y armon\u00eda dentro de cada casa.<\/p>\n<\/div>\n\n\n\n<div class=\"wp-block-uagb-container uagb-block-69f1e1f0\">\n<figure class=\"wp-block-image size-large\"><img loading=\"lazy\" decoding=\"async\" width=\"576\" height=\"1024\" src=\"https:\/\/aticos.cl\/wp-content\/uploads\/2025\/05\/IMG_20230730_121337663-576x1024.jpg\" alt=\"\" class=\"wp-image-162\" srcset=\"https:\/\/aticos.cl\/wp-content\/uploads\/2025\/05\/IMG_20230730_121337663-576x1024.jpg 576w, https:\/\/aticos.cl\/wp-content\/uploads\/2025\/05\/IMG_20230730_121337663-169x300.jpg 169w, https:\/\/aticos.cl\/wp-content\/uploads\/2025\/05\/IMG_20230730_121337663-768x1365.jpg 768w, https:\/\/aticos.cl\/wp-content\/uploads\/2025\/05\/IMG_20230730_121337663-864x1536.jpg 864w, https:\/\/aticos.cl\/wp-content\/uploads\/2025\/05\/IMG_20230730_121337663-1152x2048.jpg 1152w, https:\/\/aticos.cl\/wp-content\/uploads\/2025\/05\/IMG_20230730_121337663-720x1280.jpg 720w, https:\/\/aticos.cl\/wp-content\/uploads\/2025\/05\/IMG_20230730_121337663-scaled.jpg 1440w\" sizes=\"auto, (max-width: 576px) 100vw, 576px\" \/><\/figure>\n<\/div>\n<\/div><\/div>\n\n\n\n<div class=\"wp-block-uagb-container uagb-block-5b3fb643 alignfull uagb-is-root-container\"><div class=\"uagb-container-inner-blocks-wrap\">\n<div class=\"wp-block-uagb-container uagb-block-69639617\">\n<figure class=\"wp-block-image size-large\"><img loading=\"lazy\" decoding=\"async\" width=\"768\" height=\"1024\" src=\"https:\/\/aticos.cl\/wp-content\/uploads\/2025\/05\/IMG_20200829_152500-768x1024.jpg\" alt=\"\" class=\"wp-image-169\" srcset=\"https:\/\/aticos.cl\/wp-content\/uploads\/2025\/05\/IMG_20200829_152500-768x1024.jpg 768w, https:\/\/aticos.cl\/wp-content\/uploads\/2025\/05\/IMG_20200829_152500-225x300.jpg 225w, https:\/\/aticos.cl\/wp-content\/uploads\/2025\/05\/IMG_20200829_152500-1152x1536.jpg 1152w, https:\/\/aticos.cl\/wp-content\/uploads\/2025\/05\/IMG_20200829_152500-1536x2048.jpg 1536w, https:\/\/aticos.cl\/wp-content\/uploads\/2025\/05\/IMG_20200829_152500-720x960.jpg 720w, https:\/\/aticos.cl\/wp-content\/uploads\/2025\/05\/IMG_20200829_152500-scaled.jpg 1920w\" sizes=\"auto, (max-width: 768px) 100vw, 768px\" \/><\/figure>\n<\/div>\n\n\n\n<div class=\"wp-block-uagb-container uagb-block-6cdc26d3\">\n<p class=\"has-medium-font-size\">Por ejemplo, liberar closets de ropa vultuosa y de otras temporadas. O guardar&nbsp;todo lo que el cliente desee desocupando habitaciones utilizadas como bodega o rincones donde se dejan bultos que interfieren el paso. En resumen, brindar armon\u00eda integral a cada hogar.<\/p>\n<\/div>\n<\/div><\/div>\n\n\n\n<div class=\"wp-block-uagb-container uagb-block-ce3da62f alignfull uagb-is-root-container\"><div class=\"uagb-container-inner-blocks-wrap\">\n<p class=\"has-medium-font-size\">La crisis de octubre del 2019, retrasa el inicio de Atikito, afectando no solo el rubro de la construcci\u00f3n, sino a la mayor\u00eda de las empresas.<\/p>\n<\/div><\/div>\n\n\n\n<div class=\"wp-block-uagb-container uagb-block-212b2674 alignfull uagb-is-root-container\"><div class=\"uagb-container-inner-blocks-wrap\">\n<div class=\"wp-block-uagb-container uagb-block-a91ccb73\">\n<p class=\"has-medium-font-size\">Atikito siempre con una mirada visionaria empieza con 3 escalas del tipo de cordel, buscando clientes por medio de las redes sociales. Lento es el avance, pero con la confianza de que el boca a boca y las redes sociales impulsar\u00edan el negocio. As\u00ed fue sucediendo. Despu\u00e9s fueron 10 escalas, luego 20 y continuaron avanzando.<\/p>\n<\/div>\n\n\n\n<div class=\"wp-block-uagb-container uagb-block-b233975c\">\n<figure class=\"wp-block-image size-full\"><img loading=\"lazy\" decoding=\"async\" width=\"475\" height=\"700\" src=\"https:\/\/aticos.cl\/wp-content\/uploads\/2025\/05\/escalera_desplegada.jpg\" alt=\"\" class=\"wp-image-168\" srcset=\"https:\/\/aticos.cl\/wp-content\/uploads\/2025\/05\/escalera_desplegada.jpg 475w, https:\/\/aticos.cl\/wp-content\/uploads\/2025\/05\/escalera_desplegada-204x300.jpg 204w\" sizes=\"auto, (max-width: 475px) 100vw, 475px\" \/><\/figure>\n<\/div>\n<\/div><\/div>\n\n\n\n<div class=\"wp-block-uagb-container uagb-block-c94e5bce alignfull uagb-is-root-container\"><div class=\"uagb-container-inner-blocks-wrap\">\n<div class=\"wp-block-uagb-container uagb-block-9ad6a8ac\">\n<figure class=\"wp-block-image size-full\"><img loading=\"lazy\" decoding=\"async\" width=\"641\" height=\"720\" src=\"https:\/\/aticos.cl\/wp-content\/uploads\/2025\/05\/construyendo.jpg\" alt=\"\" class=\"wp-image-165\" srcset=\"https:\/\/aticos.cl\/wp-content\/uploads\/2025\/05\/construyendo.jpg 641w, https:\/\/aticos.cl\/wp-content\/uploads\/2025\/05\/construyendo-267x300.jpg 267w\" sizes=\"auto, (max-width: 641px) 100vw, 641px\" \/><\/figure>\n<\/div>\n\n\n\n<div class=\"wp-block-uagb-container uagb-block-fb363a9c\">\n<p class=\"has-medium-font-size\">Aparece un escenario aparentemente complejo debido a la pandemia del Covid 19, por las restricciones que implicar\u00eda. Pero Atikito, siempre con una mirada optimista y visionaria a\u00fan en la adversidad, obtiene los permisos necesarios para instalar y construir siguiendo los protocolos de salud establecidos para cuidar a la poblaci\u00f3n. Por otra parte, las familias chilenas estaban m\u00e1s tiempo en sus casas por la cuarentena, aumentando la demanda por m\u00e1s espacio en sus hogares. La crisis se convierte, finalmente, en una gran oportunidad de brindar un buen servicio y satisfacer las necesidades de los clientes.&nbsp;<\/p>\n<\/div>\n<\/div><\/div>\n\n\n\n<div class=\"wp-block-uagb-container uagb-block-4aad53e1 alignfull uagb-is-root-container\"><div class=\"uagb-container-inner-blocks-wrap\">\n<div class=\"wp-block-uagb-container uagb-block-107cef6a\">\n<p class=\"has-medium-font-size\">El retiro del 10% de los Fondos de Pensiones facilit\u00f3 la decisi\u00f3n de muchas familias de invertir en mejoras de calidad de vida en sus casas. Fue una etapa de mucho trabajo, constancia, profesionalismo y compromiso de meses agendados. Tuvimos muchos clientes felices y una satisfacci\u00f3n enorme de poder contribuir en la soluci\u00f3n m\u00e1s pr\u00e1ctica para pasar de estos espacios ocultos y sin utilidad en el entretecho, a convertirlos en un espacio completamente funcional, aprovechando cada cent\u00edmetro. Lograr un \u00f3ptimo almacenamiento de todo lo valioso&nbsp;y necesario que se deba guardar y ubicar con eficiencia. Con un acceso f\u00e1cil y seguro gracias a nuestras modernas escaleras retr\u00e1ctiles. Cada vez que se necesite.<\/p>\n<\/div>\n\n\n\n<div class=\"wp-block-uagb-container uagb-block-babd610c\">\n<figure class=\"wp-block-image size-large\"><img loading=\"lazy\" decoding=\"async\" width=\"576\" height=\"1024\" src=\"https:\/\/aticos.cl\/wp-content\/uploads\/2025\/05\/IMG_20230419_125221780-576x1024.jpg\" alt=\"\" class=\"wp-image-164\" srcset=\"https:\/\/aticos.cl\/wp-content\/uploads\/2025\/05\/IMG_20230419_125221780-576x1024.jpg 576w, https:\/\/aticos.cl\/wp-content\/uploads\/2025\/05\/IMG_20230419_125221780-169x300.jpg 169w, https:\/\/aticos.cl\/wp-content\/uploads\/2025\/05\/IMG_20230419_125221780-768x1365.jpg 768w, https:\/\/aticos.cl\/wp-content\/uploads\/2025\/05\/IMG_20230419_125221780-864x1536.jpg 864w, https:\/\/aticos.cl\/wp-content\/uploads\/2025\/05\/IMG_20230419_125221780-1152x2048.jpg 1152w, https:\/\/aticos.cl\/wp-content\/uploads\/2025\/05\/IMG_20230419_125221780-720x1280.jpg 720w, https:\/\/aticos.cl\/wp-content\/uploads\/2025\/05\/IMG_20230419_125221780-scaled.jpg 1440w\" sizes=\"auto, (max-width: 576px) 100vw, 576px\" \/><\/figure>\n<\/div>\n<\/div><\/div>\n\n\n\n<div class=\"wp-block-uagb-container uagb-block-a468d6d6 alignfull uagb-is-root-container\"><div class=\"uagb-container-inner-blocks-wrap\">\n<div class=\"wp-block-uagb-container uagb-block-67347965\">\n<figure class=\"wp-block-image size-full\"><img loading=\"lazy\" decoding=\"async\" width=\"576\" height=\"1024\" src=\"https:\/\/aticos.cl\/wp-content\/uploads\/2025\/04\/servicios2-576x1024-1.jpg\" alt=\"\" class=\"wp-image-36\" srcset=\"https:\/\/aticos.cl\/wp-content\/uploads\/2025\/04\/servicios2-576x1024-1.jpg 576w, https:\/\/aticos.cl\/wp-content\/uploads\/2025\/04\/servicios2-576x1024-1-169x300.jpg 169w\" sizes=\"auto, (max-width: 576px) 100vw, 576px\" \/><\/figure>\n<\/div>\n\n\n\n<div class=\"wp-block-uagb-container uagb-block-e77cef7e\">\n<p class=\"has-medium-font-size\">En la actualidad, importamos nuestras propias escalas retr\u00e1ctiles de excelente calidad. Trabajamos con materiales de altos est\u00e1ndares, con pulcritud, compromiso y profesionalismo. Cuidamos a nuestros trabajadores utilizando herramientas en buen estado y tomando todas las precauciones para evitar accidentes.<\/p>\n<\/div>\n<\/div><\/div>\n\n\n\n<div class=\"wp-block-uagb-container uagb-block-754f1a1a alignfull uagb-is-root-container\"><div class=\"uagb-container-inner-blocks-wrap\">\n<div class=\"wp-block-uagb-container uagb-block-96691f6c\">\n<p class=\"has-medium-font-size\">En estos a\u00f1os, hemos ido cuidando y dejando nuestro propio sello en cada hogar que ha solicitado nuestros servicios. Nos encuentran en nuestra p\u00e1gina web, todas las RRSS, flayers, WhatsApp Business, etc, pero nuestra mayor publicidad y referencia son nuestros propios clientes totalmente satisfechos y que dan testimonios de la calidad de nuestros servicios. Son ellos nuestra mayor promoci\u00f3n y publicidad ya que nos eligen y nos promueven constantemente.<\/p>\n<\/div>\n\n\n\n<div class=\"wp-block-uagb-container uagb-block-37dbefbb\">\n<figure class=\"wp-block-image size-large\"><img loading=\"lazy\" decoding=\"async\" width=\"654\" height=\"1024\" src=\"https:\/\/aticos.cl\/wp-content\/uploads\/2025\/05\/clientes4-654x1024.jpg\" alt=\"\" class=\"wp-image-182\" srcset=\"https:\/\/aticos.cl\/wp-content\/uploads\/2025\/05\/clientes4-654x1024.jpg 654w, https:\/\/aticos.cl\/wp-content\/uploads\/2025\/05\/clientes4-192x300.jpg 192w, https:\/\/aticos.cl\/wp-content\/uploads\/2025\/05\/clientes4.jpg 692w\" sizes=\"auto, (max-width: 654px) 100vw, 654px\" \/><\/figure>\n<\/div>\n<\/div><\/div>\n\n\n\n<p><\/p>\n","protected":false},"excerpt":{"rendered":"<p>Nuestra historia Aticos VALLioSos o Atikito, tiene sus inicios a mediados del a\u00f1o 2019. Basados en las necesidades de espacio de las familias que habitan casas en un creciente mercado inmobiliario, aparecieron empresas que pudieron entregar una soluci\u00f3n, aprovechando el entretecho como bodega de cajas debidamente identificadas con su contenido. Atikito, despu\u00e9s de trabajar en [&hellip;]<\/p>\n","protected":false},"author":1,"featured_media":0,"parent":0,"menu_order":0,"comment_status":"closed","ping_status":"closed","template":"","meta":{"_uag_custom_page_level_css":"","footnotes":""},"class_list":["post-135","page","type-page","status-publish","hentry"],"yoast_head":"<!-- This site is optimized with the Yoast SEO plugin v24.9 - https:\/\/yoast.com\/wordpress\/plugins\/seo\/ -->\n<title>NUESTRA HISTORIA - ATICOS<\/title>\n<meta name=\"robots\" content=\"index, follow, max-snippet:-1, max-image-preview:large, max-video-preview:-1\" \/>\n<link rel=\"canonical\" href=\"https:\/\/aticos.cl\/index.php\/historia\/\" \/>\n<meta property=\"og:locale\" content=\"es_ES\" \/>\n<meta property=\"og:type\" content=\"article\" \/>\n<meta property=\"og:title\" content=\"NUESTRA HISTORIA - ATICOS\" \/>\n<meta property=\"og:description\" content=\"Nuestra historia Aticos VALLioSos o Atikito, tiene sus inicios a mediados del a\u00f1o 2019. Basados en las necesidades de espacio de las familias que habitan casas en un creciente mercado inmobiliario, aparecieron empresas que pudieron entregar una soluci\u00f3n, aprovechando el entretecho como bodega de cajas debidamente identificadas con su contenido. Atikito, despu\u00e9s de trabajar en [&hellip;]\" \/>\n<meta property=\"og:url\" content=\"https:\/\/aticos.cl\/index.php\/historia\/\" \/>\n<meta property=\"og:site_name\" content=\"ATICOS\" \/>\n<meta property=\"article:publisher\" content=\"https:\/\/web.facebook.com\/people\/Valls-Empresas\/100064926342444\/\" \/>\n<meta property=\"article:modified_time\" content=\"2025-05-07T20:24:49+00:00\" \/>\n<meta property=\"og:image\" content=\"https:\/\/aticos.cl\/wp-content\/uploads\/2025\/05\/comienzos.png\" \/>\n<meta name=\"twitter:card\" content=\"summary_large_image\" \/>\n<meta name=\"twitter:label1\" content=\"Tiempo de lectura\" \/>\n\t<meta name=\"twitter:data1\" content=\"5 minutos\" \/>\n<script type=\"application\/ld+json\" class=\"yoast-schema-graph\">{\"@context\":\"https:\/\/schema.org\",\"@graph\":[{\"@type\":\"WebPage\",\"@id\":\"https:\/\/aticos.cl\/index.php\/historia\/\",\"url\":\"https:\/\/aticos.cl\/index.php\/historia\/\",\"name\":\"NUESTRA HISTORIA - ATICOS\",\"isPartOf\":{\"@id\":\"https:\/\/aticos.cl\/#website\"},\"primaryImageOfPage\":{\"@id\":\"https:\/\/aticos.cl\/index.php\/historia\/#primaryimage\"},\"image\":{\"@id\":\"https:\/\/aticos.cl\/index.php\/historia\/#primaryimage\"},\"thumbnailUrl\":\"https:\/\/aticos.cl\/wp-content\/uploads\/2025\/05\/comienzos.png\",\"datePublished\":\"2025-05-06T19:41:32+00:00\",\"dateModified\":\"2025-05-07T20:24:49+00:00\",\"breadcrumb\":{\"@id\":\"https:\/\/aticos.cl\/index.php\/historia\/#breadcrumb\"},\"inLanguage\":\"es\",\"potentialAction\":[{\"@type\":\"ReadAction\",\"target\":[\"https:\/\/aticos.cl\/index.php\/historia\/\"]}]},{\"@type\":\"ImageObject\",\"inLanguage\":\"es\",\"@id\":\"https:\/\/aticos.cl\/index.php\/historia\/#primaryimage\",\"url\":\"https:\/\/aticos.cl\/wp-content\/uploads\/2025\/05\/comienzos.png\",\"contentUrl\":\"https:\/\/aticos.cl\/wp-content\/uploads\/2025\/05\/comienzos.png\",\"width\":652,\"height\":315},{\"@type\":\"BreadcrumbList\",\"@id\":\"https:\/\/aticos.cl\/index.php\/historia\/#breadcrumb\",\"itemListElement\":[{\"@type\":\"ListItem\",\"position\":1,\"name\":\"Portada\",\"item\":\"https:\/\/aticos.cl\/\"},{\"@type\":\"ListItem\",\"position\":2,\"name\":\"NUESTRA HISTORIA\"}]},{\"@type\":\"WebSite\",\"@id\":\"https:\/\/aticos.cl\/#website\",\"url\":\"https:\/\/aticos.cl\/\",\"name\":\"ATICOS\",\"description\":\"\",\"publisher\":{\"@id\":\"https:\/\/aticos.cl\/#organization\"},\"potentialAction\":[{\"@type\":\"SearchAction\",\"target\":{\"@type\":\"EntryPoint\",\"urlTemplate\":\"https:\/\/aticos.cl\/?s={search_term_string}\"},\"query-input\":{\"@type\":\"PropertyValueSpecification\",\"valueRequired\":true,\"valueName\":\"search_term_string\"}}],\"inLanguage\":\"es\"},{\"@type\":\"Organization\",\"@id\":\"https:\/\/aticos.cl\/#organization\",\"name\":\"Aticos VALLioSos\",\"url\":\"https:\/\/aticos.cl\/\",\"logo\":{\"@type\":\"ImageObject\",\"inLanguage\":\"es\",\"@id\":\"https:\/\/aticos.cl\/#\/schema\/logo\/image\/\",\"url\":\"https:\/\/aticos.cl\/wp-content\/uploads\/2025\/04\/cropped-logocomb.jpg\",\"contentUrl\":\"https:\/\/aticos.cl\/wp-content\/uploads\/2025\/04\/cropped-logocomb.jpg\",\"width\":175,\"height\":117,\"caption\":\"Aticos VALLioSos\"},\"image\":{\"@id\":\"https:\/\/aticos.cl\/#\/schema\/logo\/image\/\"},\"sameAs\":[\"https:\/\/web.facebook.com\/people\/Valls-Empresas\/100064926342444\/\",\"https:\/\/www.instagram.com\/vallsempresas\",\"https:\/\/www.tiktok.com\/@aticos_valls\"]}]}<\/script>\n<!-- \/ Yoast SEO plugin. -->","yoast_head_json":{"title":"NUESTRA HISTORIA - ATICOS","robots":{"index":"index","follow":"follow","max-snippet":"max-snippet:-1","max-image-preview":"max-image-preview:large","max-video-preview":"max-video-preview:-1"},"canonical":"https:\/\/aticos.cl\/index.php\/historia\/","og_locale":"es_ES","og_type":"article","og_title":"NUESTRA HISTORIA - ATICOS","og_description":"Nuestra historia Aticos VALLioSos o Atikito, tiene sus inicios a mediados del a\u00f1o 2019. Basados en las necesidades de espacio de las familias que habitan casas en un creciente mercado inmobiliario, aparecieron empresas que pudieron entregar una soluci\u00f3n, aprovechando el entretecho como bodega de cajas debidamente identificadas con su contenido. Atikito, despu\u00e9s de trabajar en [&hellip;]","og_url":"https:\/\/aticos.cl\/index.php\/historia\/","og_site_name":"ATICOS","article_publisher":"https:\/\/web.facebook.com\/people\/Valls-Empresas\/100064926342444\/","article_modified_time":"2025-05-07T20:24:49+00:00","og_image":[{"url":"https:\/\/aticos.cl\/wp-content\/uploads\/2025\/05\/comienzos.png","type":"","width":"","height":""}],"twitter_card":"summary_large_image","twitter_misc":{"Tiempo de lectura":"5 minutos"},"schema":{"@context":"https:\/\/schema.org","@graph":[{"@type":"WebPage","@id":"https:\/\/aticos.cl\/index.php\/historia\/","url":"https:\/\/aticos.cl\/index.php\/historia\/","name":"NUESTRA HISTORIA - ATICOS","isPartOf":{"@id":"https:\/\/aticos.cl\/#website"},"primaryImageOfPage":{"@id":"https:\/\/aticos.cl\/index.php\/historia\/#primaryimage"},"image":{"@id":"https:\/\/aticos.cl\/index.php\/historia\/#primaryimage"},"thumbnailUrl":"https:\/\/aticos.cl\/wp-content\/uploads\/2025\/05\/comienzos.png","datePublished":"2025-05-06T19:41:32+00:00","dateModified":"2025-05-07T20:24:49+00:00","breadcrumb":{"@id":"https:\/\/aticos.cl\/index.php\/historia\/#breadcrumb"},"inLanguage":"es","potentialAction":[{"@type":"ReadAction","target":["https:\/\/aticos.cl\/index.php\/historia\/"]}]},{"@type":"ImageObject","inLanguage":"es","@id":"https:\/\/aticos.cl\/index.php\/historia\/#primaryimage","url":"https:\/\/aticos.cl\/wp-content\/uploads\/2025\/05\/comienzos.png","contentUrl":"https:\/\/aticos.cl\/wp-content\/uploads\/2025\/05\/comienzos.png","width":652,"height":315},{"@type":"BreadcrumbList","@id":"https:\/\/aticos.cl\/index.php\/historia\/#breadcrumb","itemListElement":[{"@type":"ListItem","position":1,"name":"Portada","item":"https:\/\/aticos.cl\/"},{"@type":"ListItem","position":2,"name":"NUESTRA HISTORIA"}]},{"@type":"WebSite","@id":"https:\/\/aticos.cl\/#website","url":"https:\/\/aticos.cl\/","name":"ATICOS","description":"","publisher":{"@id":"https:\/\/aticos.cl\/#organization"},"potentialAction":[{"@type":"SearchAction","target":{"@type":"EntryPoint","urlTemplate":"https:\/\/aticos.cl\/?s={search_term_string}"},"query-input":{"@type":"PropertyValueSpecification","valueRequired":true,"valueName":"search_term_string"}}],"inLanguage":"es"},{"@type":"Organization","@id":"https:\/\/aticos.cl\/#organization","name":"Aticos VALLioSos","url":"https:\/\/aticos.cl\/","logo":{"@type":"ImageObject","inLanguage":"es","@id":"https:\/\/aticos.cl\/#\/schema\/logo\/image\/","url":"https:\/\/aticos.cl\/wp-content\/uploads\/2025\/04\/cropped-logocomb.jpg","contentUrl":"https:\/\/aticos.cl\/wp-content\/uploads\/2025\/04\/cropped-logocomb.jpg","width":175,"height":117,"caption":"Aticos VALLioSos"},"image":{"@id":"https:\/\/aticos.cl\/#\/schema\/logo\/image\/"},"sameAs":["https:\/\/web.facebook.com\/people\/Valls-Empresas\/100064926342444\/","https:\/\/www.instagram.com\/vallsempresas","https:\/\/www.tiktok.com\/@aticos_valls"]}]}},"uagb_featured_image_src":{"full":false,"thumbnail":false,"medium":false,"medium_large":false,"large":false,"1536x1536":false,"2048x2048":false,"consultera-720":false},"uagb_author_info":{"display_name":"admin","author_link":"https:\/\/aticos.cl\/index.php\/author\/admin_8dh0zbzc\/"},"uagb_comment_info":0,"uagb_excerpt":"Nuestra historia Aticos VALLioSos o Atikito, tiene sus inicios a mediados del a\u00f1o 2019. Basados en las necesidades de espacio de las familias que habitan casas en un creciente mercado inmobiliario, aparecieron empresas que pudieron entregar una soluci\u00f3n, aprovechando el entretecho como bodega de cajas debidamente identificadas con su contenido. Atikito, despu\u00e9s de trabajar en&hellip;","_links":{"self":[{"href":"https:\/\/aticos.cl\/index.php\/wp-json\/wp\/v2\/pages\/135","targetHints":{"allow":["GET"]}}],"collection":[{"href":"https:\/\/aticos.cl\/index.php\/wp-json\/wp\/v2\/pages"}],"about":[{"href":"https:\/\/aticos.cl\/index.php\/wp-json\/wp\/v2\/types\/page"}],"author":[{"embeddable":true,"href":"https:\/\/aticos.cl\/index.php\/wp-json\/wp\/v2\/users\/1"}],"replies":[{"embeddable":true,"href":"https:\/\/aticos.cl\/index.php\/wp-json\/wp\/v2\/comments?post=135"}],"version-history":[{"count":20,"href":"https:\/\/aticos.cl\/index.php\/wp-json\/wp\/v2\/pages\/135\/revisions"}],"predecessor-version":[{"id":184,"href":"https:\/\/aticos.cl\/index.php\/wp-json\/wp\/v2\/pages\/135\/revisions\/184"}],"wp:attachment":[{"href":"https:\/\/aticos.cl\/index.php\/wp-json\/wp\/v2\/media?parent=135"}],"curies":[{"name":"wp","href":"https:\/\/api.w.org\/{rel}","templated":true}]}}