{"id":38,"date":"2025-04-22T04:31:57","date_gmt":"2025-04-22T04:31:57","guid":{"rendered":"https:\/\/aticos.cl\/?page_id=38"},"modified":"2025-05-07T20:03:44","modified_gmt":"2025-05-07T20:03:44","slug":"escaleras","status":"publish","type":"page","link":"https:\/\/aticos.cl\/index.php\/escaleras\/","title":{"rendered":"ESCALERAS"},"content":{"rendered":"\n<hr class=\"wp-block-separator has-alpha-channel-opacity\"\/>\n\n\n\n<div class=\"wp-block-media-text is-stacked-on-mobile\"><figure class=\"wp-block-media-text__media\"><img loading=\"lazy\" decoding=\"async\" width=\"576\" height=\"1024\" src=\"https:\/\/aticos.cl\/wp-content\/uploads\/2025\/05\/escaleraEjemplo-576x1024.jpeg\" alt=\"\" class=\"wp-image-179 size-full\" srcset=\"https:\/\/aticos.cl\/wp-content\/uploads\/2025\/05\/escaleraEjemplo-576x1024.jpeg 576w, https:\/\/aticos.cl\/wp-content\/uploads\/2025\/05\/escaleraEjemplo-169x300.jpeg 169w, https:\/\/aticos.cl\/wp-content\/uploads\/2025\/05\/escaleraEjemplo-768x1365.jpeg 768w, https:\/\/aticos.cl\/wp-content\/uploads\/2025\/05\/escaleraEjemplo-864x1536.jpeg 864w, https:\/\/aticos.cl\/wp-content\/uploads\/2025\/05\/escaleraEjemplo-720x1280.jpeg 720w, https:\/\/aticos.cl\/wp-content\/uploads\/2025\/05\/escaleraEjemplo.jpeg 900w\" sizes=\"auto, (max-width: 576px) 100vw, 576px\" \/><\/figure><div class=\"wp-block-media-text__content\">\n<p class=\"has-luminous-vivid-amber-color has-text-color has-link-color has-medium-font-size wp-elements-b349030dcbd7177476ed8f997845cc37\">Las ESCALAS RETR\u00c1CTILES permiten acceder al entretecho por una escalera que permanece escondida en el cielo raso.<\/p>\n<\/div><\/div>\n\n\n\n<hr class=\"wp-block-separator has-alpha-channel-opacity\"\/>\n\n\n\n<p class=\"has-luminous-vivid-amber-color has-text-color has-link-color has-medium-font-size wp-elements-2e066b5d425b3d6095a32955cd3d870a\">.. y que se puede desplegar en pocos segundos:<\/p>\n\n\n\n<figure class=\"wp-block-video\"><video height=\"640\" style=\"aspect-ratio: 640 \/ 640;\" width=\"640\" controls src=\"https:\/\/aticos.cl\/wp-content\/uploads\/2025\/04\/Porllave.mp4\"><\/video><\/figure>\n\n\n\n<hr class=\"wp-block-separator has-alpha-channel-opacity\"\/>\n\n\n\n<hr class=\"wp-block-separator has-alpha-channel-opacity\"\/>\n\n\n\n<div class=\"wp-block-media-text is-stacked-on-mobile\"><figure class=\"wp-block-media-text__media\"><img loading=\"lazy\" decoding=\"async\" width=\"576\" height=\"1024\" src=\"https:\/\/aticos.cl\/wp-content\/uploads\/2025\/04\/servicios2-576x1024-1.jpg\" alt=\"\" class=\"wp-image-36 size-full\" srcset=\"https:\/\/aticos.cl\/wp-content\/uploads\/2025\/04\/servicios2-576x1024-1.jpg 576w, https:\/\/aticos.cl\/wp-content\/uploads\/2025\/04\/servicios2-576x1024-1-169x300.jpg 169w\" sizes=\"auto, (max-width: 576px) 100vw, 576px\" \/><\/figure><div class=\"wp-block-media-text__content\">\n<p class=\"has-luminous-vivid-amber-color has-text-color has-link-color has-medium-font-size wp-elements-c5a51a68c6701120d521f5d75363f197\"><strong><strong>Tener una soluci\u00f3n para sus espacios de almacenaje es m\u00e1s f\u00e1cil de lo que piensa<\/strong><\/strong>.<\/p>\n\n\n\n<div class=\"wp-block-buttons is-layout-flex wp-block-buttons-is-layout-flex\">\n<div class=\"wp-block-button\"><a class=\"wp-block-button__link has-luminous-vivid-amber-background-color has-background wp-element-button\" href=\"https:\/\/aticos.cl\/index.php\/cotice\/\">Cotice con nosotros<\/a><\/div>\n<\/div>\n<\/div><\/div>\n\n\n\n<p><\/p>\n","protected":false},"excerpt":{"rendered":"<p>Las ESCALAS RETR\u00c1CTILES permiten acceder al entretecho por una escalera que permanece escondida en el cielo raso. .. y que se puede desplegar en pocos segundos:<\/p>\n","protected":false},"author":1,"featured_media":0,"parent":0,"menu_order":0,"comment_status":"closed","ping_status":"closed","template":"","meta":{"_uag_custom_page_level_css":"","footnotes":""},"class_list":["post-38","page","type-page","status-publish","hentry"],"yoast_head":"<!-- This site is optimized with the Yoast SEO plugin v24.9 - https:\/\/yoast.com\/wordpress\/plugins\/seo\/ -->\n<title>ESCALERAS - ATICOS<\/title>\n<meta name=\"robots\" content=\"index, follow, max-snippet:-1, max-image-preview:large, max-video-preview:-1\" \/>\n<link rel=\"canonical\" href=\"https:\/\/aticos.cl\/index.php\/escaleras\/\" \/>\n<meta property=\"og:locale\" content=\"es_ES\" \/>\n<meta property=\"og:type\" content=\"article\" \/>\n<meta property=\"og:title\" content=\"ESCALERAS - ATICOS\" \/>\n<meta property=\"og:description\" content=\"Las ESCALAS RETR\u00c1CTILES permiten acceder al entretecho por una escalera que permanece escondida en el cielo raso. .. y que se puede desplegar en pocos segundos:\" \/>\n<meta property=\"og:url\" content=\"https:\/\/aticos.cl\/index.php\/escaleras\/\" \/>\n<meta property=\"og:site_name\" content=\"ATICOS\" \/>\n<meta property=\"article:publisher\" content=\"https:\/\/web.facebook.com\/people\/Valls-Empresas\/100064926342444\/\" \/>\n<meta property=\"article:modified_time\" content=\"2025-05-07T20:03:44+00:00\" \/>\n<meta property=\"og:image\" content=\"https:\/\/aticos.cl\/wp-content\/uploads\/2025\/05\/escaleraEjemplo.jpeg\" \/>\n\t<meta property=\"og:image:width\" content=\"900\" \/>\n\t<meta property=\"og:image:height\" content=\"1600\" \/>\n\t<meta property=\"og:image:type\" content=\"image\/jpeg\" \/>\n<meta name=\"twitter:card\" content=\"summary_large_image\" \/>\n<meta name=\"twitter:label1\" content=\"Tiempo de lectura\" \/>\n\t<meta name=\"twitter:data1\" content=\"1 minuto\" \/>\n<script type=\"application\/ld+json\" class=\"yoast-schema-graph\">{\"@context\":\"https:\/\/schema.org\",\"@graph\":[{\"@type\":\"WebPage\",\"@id\":\"https:\/\/aticos.cl\/index.php\/escaleras\/\",\"url\":\"https:\/\/aticos.cl\/index.php\/escaleras\/\",\"name\":\"ESCALERAS - ATICOS\",\"isPartOf\":{\"@id\":\"https:\/\/aticos.cl\/#website\"},\"primaryImageOfPage\":{\"@id\":\"https:\/\/aticos.cl\/index.php\/escaleras\/#primaryimage\"},\"image\":{\"@id\":\"https:\/\/aticos.cl\/index.php\/escaleras\/#primaryimage\"},\"thumbnailUrl\":\"https:\/\/aticos.cl\/wp-content\/uploads\/2025\/05\/escaleraEjemplo-576x1024.jpeg\",\"datePublished\":\"2025-04-22T04:31:57+00:00\",\"dateModified\":\"2025-05-07T20:03:44+00:00\",\"breadcrumb\":{\"@id\":\"https:\/\/aticos.cl\/index.php\/escaleras\/#breadcrumb\"},\"inLanguage\":\"es\",\"potentialAction\":[{\"@type\":\"ReadAction\",\"target\":[\"https:\/\/aticos.cl\/index.php\/escaleras\/\"]}]},{\"@type\":\"ImageObject\",\"inLanguage\":\"es\",\"@id\":\"https:\/\/aticos.cl\/index.php\/escaleras\/#primaryimage\",\"url\":\"https:\/\/aticos.cl\/wp-content\/uploads\/2025\/05\/escaleraEjemplo.jpeg\",\"contentUrl\":\"https:\/\/aticos.cl\/wp-content\/uploads\/2025\/05\/escaleraEjemplo.jpeg\",\"width\":900,\"height\":1600},{\"@type\":\"BreadcrumbList\",\"@id\":\"https:\/\/aticos.cl\/index.php\/escaleras\/#breadcrumb\",\"itemListElement\":[{\"@type\":\"ListItem\",\"position\":1,\"name\":\"Portada\",\"item\":\"https:\/\/aticos.cl\/\"},{\"@type\":\"ListItem\",\"position\":2,\"name\":\"ESCALERAS\"}]},{\"@type\":\"WebSite\",\"@id\":\"https:\/\/aticos.cl\/#website\",\"url\":\"https:\/\/aticos.cl\/\",\"name\":\"ATICOS\",\"description\":\"\",\"publisher\":{\"@id\":\"https:\/\/aticos.cl\/#organization\"},\"potentialAction\":[{\"@type\":\"SearchAction\",\"target\":{\"@type\":\"EntryPoint\",\"urlTemplate\":\"https:\/\/aticos.cl\/?s={search_term_string}\"},\"query-input\":{\"@type\":\"PropertyValueSpecification\",\"valueRequired\":true,\"valueName\":\"search_term_string\"}}],\"inLanguage\":\"es\"},{\"@type\":\"Organization\",\"@id\":\"https:\/\/aticos.cl\/#organization\",\"name\":\"Aticos VALLioSos\",\"url\":\"https:\/\/aticos.cl\/\",\"logo\":{\"@type\":\"ImageObject\",\"inLanguage\":\"es\",\"@id\":\"https:\/\/aticos.cl\/#\/schema\/logo\/image\/\",\"url\":\"https:\/\/aticos.cl\/wp-content\/uploads\/2025\/04\/cropped-logocomb.jpg\",\"contentUrl\":\"https:\/\/aticos.cl\/wp-content\/uploads\/2025\/04\/cropped-logocomb.jpg\",\"width\":175,\"height\":117,\"caption\":\"Aticos VALLioSos\"},\"image\":{\"@id\":\"https:\/\/aticos.cl\/#\/schema\/logo\/image\/\"},\"sameAs\":[\"https:\/\/web.facebook.com\/people\/Valls-Empresas\/100064926342444\/\",\"https:\/\/www.instagram.com\/vallsempresas\",\"https:\/\/www.tiktok.com\/@aticos_valls\"]}]}<\/script>\n<!-- \/ Yoast SEO plugin. -->","yoast_head_json":{"title":"ESCALERAS - ATICOS","robots":{"index":"index","follow":"follow","max-snippet":"max-snippet:-1","max-image-preview":"max-image-preview:large","max-video-preview":"max-video-preview:-1"},"canonical":"https:\/\/aticos.cl\/index.php\/escaleras\/","og_locale":"es_ES","og_type":"article","og_title":"ESCALERAS - ATICOS","og_description":"Las ESCALAS RETR\u00c1CTILES permiten acceder al entretecho por una escalera que permanece escondida en el cielo raso. .. y que se puede desplegar en pocos segundos:","og_url":"https:\/\/aticos.cl\/index.php\/escaleras\/","og_site_name":"ATICOS","article_publisher":"https:\/\/web.facebook.com\/people\/Valls-Empresas\/100064926342444\/","article_modified_time":"2025-05-07T20:03:44+00:00","og_image":[{"width":900,"height":1600,"url":"https:\/\/aticos.cl\/wp-content\/uploads\/2025\/05\/escaleraEjemplo.jpeg","type":"image\/jpeg"}],"twitter_card":"summary_large_image","twitter_misc":{"Tiempo de lectura":"1 minuto"},"schema":{"@context":"https:\/\/schema.org","@graph":[{"@type":"WebPage","@id":"https:\/\/aticos.cl\/index.php\/escaleras\/","url":"https:\/\/aticos.cl\/index.php\/escaleras\/","name":"ESCALERAS - ATICOS","isPartOf":{"@id":"https:\/\/aticos.cl\/#website"},"primaryImageOfPage":{"@id":"https:\/\/aticos.cl\/index.php\/escaleras\/#primaryimage"},"image":{"@id":"https:\/\/aticos.cl\/index.php\/escaleras\/#primaryimage"},"thumbnailUrl":"https:\/\/aticos.cl\/wp-content\/uploads\/2025\/05\/escaleraEjemplo-576x1024.jpeg","datePublished":"2025-04-22T04:31:57+00:00","dateModified":"2025-05-07T20:03:44+00:00","breadcrumb":{"@id":"https:\/\/aticos.cl\/index.php\/escaleras\/#breadcrumb"},"inLanguage":"es","potentialAction":[{"@type":"ReadAction","target":["https:\/\/aticos.cl\/index.php\/escaleras\/"]}]},{"@type":"ImageObject","inLanguage":"es","@id":"https:\/\/aticos.cl\/index.php\/escaleras\/#primaryimage","url":"https:\/\/aticos.cl\/wp-content\/uploads\/2025\/05\/escaleraEjemplo.jpeg","contentUrl":"https:\/\/aticos.cl\/wp-content\/uploads\/2025\/05\/escaleraEjemplo.jpeg","width":900,"height":1600},{"@type":"BreadcrumbList","@id":"https:\/\/aticos.cl\/index.php\/escaleras\/#breadcrumb","itemListElement":[{"@type":"ListItem","position":1,"name":"Portada","item":"https:\/\/aticos.cl\/"},{"@type":"ListItem","position":2,"name":"ESCALERAS"}]},{"@type":"WebSite","@id":"https:\/\/aticos.cl\/#website","url":"https:\/\/aticos.cl\/","name":"ATICOS","description":"","publisher":{"@id":"https:\/\/aticos.cl\/#organization"},"potentialAction":[{"@type":"SearchAction","target":{"@type":"EntryPoint","urlTemplate":"https:\/\/aticos.cl\/?s={search_term_string}"},"query-input":{"@type":"PropertyValueSpecification","valueRequired":true,"valueName":"search_term_string"}}],"inLanguage":"es"},{"@type":"Organization","@id":"https:\/\/aticos.cl\/#organization","name":"Aticos VALLioSos","url":"https:\/\/aticos.cl\/","logo":{"@type":"ImageObject","inLanguage":"es","@id":"https:\/\/aticos.cl\/#\/schema\/logo\/image\/","url":"https:\/\/aticos.cl\/wp-content\/uploads\/2025\/04\/cropped-logocomb.jpg","contentUrl":"https:\/\/aticos.cl\/wp-content\/uploads\/2025\/04\/cropped-logocomb.jpg","width":175,"height":117,"caption":"Aticos VALLioSos"},"image":{"@id":"https:\/\/aticos.cl\/#\/schema\/logo\/image\/"},"sameAs":["https:\/\/web.facebook.com\/people\/Valls-Empresas\/100064926342444\/","https:\/\/www.instagram.com\/vallsempresas","https:\/\/www.tiktok.com\/@aticos_valls"]}]}},"uagb_featured_image_src":{"full":false,"thumbnail":false,"medium":false,"medium_large":false,"large":false,"1536x1536":false,"2048x2048":false,"consultera-720":false},"uagb_author_info":{"display_name":"admin","author_link":"https:\/\/aticos.cl\/index.php\/author\/admin_8dh0zbzc\/"},"uagb_comment_info":0,"uagb_excerpt":"Las ESCALAS RETR\u00c1CTILES permiten acceder al entretecho por una escalera que permanece escondida en el cielo raso. .. y que se puede desplegar en pocos segundos:","_links":{"self":[{"href":"https:\/\/aticos.cl\/index.php\/wp-json\/wp\/v2\/pages\/38","targetHints":{"allow":["GET"]}}],"collection":[{"href":"https:\/\/aticos.cl\/index.php\/wp-json\/wp\/v2\/pages"}],"about":[{"href":"https:\/\/aticos.cl\/index.php\/wp-json\/wp\/v2\/types\/page"}],"author":[{"embeddable":true,"href":"https:\/\/aticos.cl\/index.php\/wp-json\/wp\/v2\/users\/1"}],"replies":[{"embeddable":true,"href":"https:\/\/aticos.cl\/index.php\/wp-json\/wp\/v2\/comments?post=38"}],"version-history":[{"count":4,"href":"https:\/\/aticos.cl\/index.php\/wp-json\/wp\/v2\/pages\/38\/revisions"}],"predecessor-version":[{"id":180,"href":"https:\/\/aticos.cl\/index.php\/wp-json\/wp\/v2\/pages\/38\/revisions\/180"}],"wp:attachment":[{"href":"https:\/\/aticos.cl\/index.php\/wp-json\/wp\/v2\/media?parent=38"}],"curies":[{"name":"wp","href":"https:\/\/api.w.org\/{rel}","templated":true}]}}